 i**6/360 - i**5/120 + i**4/24 + i**3/6 - 9*i**2. Let j(r) be the first derivative of k(r). Let d = 2 + -1. Determine j(d).
1
Let z(j) = -j**2 + 6*j - 7. Suppose 5*b - 39 = 6. Suppose -3*o = 3 + 9. Let i = o + b. What is z(i)?
-2
Suppose 4*d + 2*g = -4, g - 2 = -4*d + 2*g. Let b be -1 - (-1 + d) - 0. Let y(p) = -p**3 - p**2 - 6. What is y(b)?
-6
Let n(t) = -5*t + 8. Let a(u) = 2*u - 5. Let p(y) = 5*a(y) + 3*n(y). Determine p(-1).
4
Let j = -103 + 98. Let l(c) = -2*c**2 - 14*c - 12. Let r(b) = b**2 + 7*b + 6. Let v(t) = -3*l(t) - 7*r(t). Determine v(j).
4
Let c(x) = -x**2 - 5*x + 30. Let q be c(-8). Let f(y) = -y**3 + 6*y**2 + 7. Calculate f(q).
7
Let o(j) = 0 - 3*j**2 + 1 + 2*j**3 - j**3. Let g = 98 - 96. Determine o(g).
-3
Let a(g) = -g**3 + 6*g**2 - g - 4. Let l(h) = -h. Let k(b) = -a(b) - 4*l(b). Give k(5).
4
Suppose 0 = 4*b - 12 - 0. Let v(s) = -2*s + s - 2*s + 2*s. Give v(b).
-3
Let j = 7 + -8. Let u(p) = -2*p. What is u(j)?
2
Let o(c) = c**3 + c**2 - 5*c - 3. Let i be (0/(-2 - 0))/1. Let a be i - (-9)/(-6)*2. What is o(a)?
-6
Let m(k) = k**3 + 12*k**2 - 7*k - 1. Let u(c) = 2*c**3 + 25*c**2 - 15*c - 1. Let a(v) = -13*m(v) + 6*u(v). Determine a(-6).
1
Let k = 21 - 15. Let x be (-6)/((-5)/(20/k)). Let v(s) = -s**2 + 5*s + 1. Calculate v(x).
5
Let c(f) = -4*f**3 - 2*f**2 + f - 1. Let i(v) = -6*v**3 - 1 - 4*v**3 + 3*v - 4*v**2 + 3*v**3 - v. Let x(n) = 5*c(n) - 3*i(n). Calculate x(-3).
-8
Let y(m) = 4*m - 2. Let p(h) = -h. Let z(f) = -3*p(f) - y(f). What is z(4)?
-2
Let x(h) = -h**2 + 4*h - 1. Suppose -11*v + 45 = -2*v. What is x(v)?
-6
Let m(h) be the third derivative of -h**5/60 - h**4/6 - h**3/6 - 16*h**2. Determine m(-4).
-1
Let v(c) = c - 1. Let z(k) = -16*k + 14. Let y(j) = 28*v(j) + 2*z(j). Calculate y(1).
-4
Let r(n) be the second derivative of -n**5/20 - 2*n**4/3 - 4*n**3/3 - 5*n**2 - 4*n. What is r(-7)?
-3
Let k(f) be the third derivative of f**5/30 - f**4/8 + 3*f**2. Let j be k(2). Let a(g) = -g - 5*g + g**j + 1 + 0 + 3*g. Give a(3).
1
Let g(h) = -h**3 + 4*h**2 - 6*h + 6. Let u(p) = -p. Let r(l) = g(l) - 3*u(l). Determine r(4).
-6
Let y(n) = n + 5. Let k be (-4)/((-8)/10)*(6 + -8). Calculate y(k).
-5
Suppose 2*v + 6 = -0*v. Let y(z) be the first derivative of -z**5/60 - z**4/8 - z**3 - 7. Let o(s) be the third derivative of y(s). Calculate o(v).
3
Let f(j) be the second derivative of j**3/6 + 3*j**2/2 - 7*j. What is f(-8)?
-5
Let w(t) = t**3 + 5*t**2 - t + 6. Let b(j) = -j**3 - 5*j**2 - 6. Let f(a) = -4*b(a) - 5*w(a). Let u be (0 - 2) + (-8)/2. What is f(u)?
0
Let u(h) = h - 4 + 0*h + 11 + h**2. Let n = -16 + 16. Calculate u(n).
7
Let u be (-51)/(-9) - (-6)/(-9). Suppose -3 - 12 = -u*w. Let h(k) = -k + 1. Give h(w).
-2
Let j = -11 - -11. Let r(u) = u + 0 + 6 + 0 + j. Give r(-7).
-1
Let j(x) = 2*x + 8. Let g(q) = 1. Let f(k) = 3*g(k) - j(k). Determine f(-4).
3
Let h(t) = t**3 - 7*t**2 + 7*t - 4. Let l(n) = -n**2 - 11*n - 1. Let r be l(-11). Let x(w) = 5*w**2 + 1. Let z be x(r). Give h(z).
2
Let i(a) = -a**3 - a**2 - 4*a - 3. Suppose 0 = -3*m - 2*t + 19, 2*m + 5*t + 3 - 23 = 0. Suppose -5 - 5 = m*h. Give i(h).
9
Let r be 8/3*21/14. Suppose -r = -h - 1. Let g(v) = 2*v - 2. Calculate g(h).
4
Let x(s) = s**2 - 5*s + 2. Let w(c) = -4*c - 8. Let k be w(-3). Give x(k).
-2
Suppose 2*l + 15 = 7*l. Suppose -2*p = -9 - l. Let m(q) = -q**2 + 7*q - 3. Determine m(p).
3
Let w = 20 + -15. Let i(l) = l - 7. What is i(w)?
-2
Let f(h) = h + 4. Let a(p) = -p - 4. Let j(k) = 3*a(k) + 4*f(k). Calculate j(-3).
1
Let n(i) = -4*i**3 - 4*i**2 - i + 5. Let c(b) = 3*b**3 + 3*b**2 + b - 5. Let k(r) = -5*c(r) - 4*n(r). Suppose -v = 2*v. What is k(v)?
5
Let x(p) be the third derivative of -p**4/24 - 2*p**2. Let l = 15 + -11. Give x(l).
-4
Let o(k) = -k**3 + 6*k**2 + 7*k - 1. Let l(g) = 7*g**3 + 4*g**2 + 4. Let c(q) = -7*q**3 - 5*q**2 - 5. Let r(y) = 4*c(y) + 5*l(y). Let i be r(1). Calculate o(i).
-1
Let m(g) = g + 3. Suppose -5*u + 0*u + 15 = 0. Let r(x) = 1. Let k(n) = u*m(n) - 6*r(n). Calculate k(-3).
-6
Let b(q) be the second derivative of -q**3/6 - q**2/2 + 5*q. Determine b(-1).
0
Let b(a) = -a**2 + 1. Let f(v) = -5*v**2 - 3*v + 11. Let s(z) = -4*b(z) + f(z). What is s(-5)?
-3
Suppose -5*u + u + 48 = 3*w, -4*w = 2*u - 34. Let c = 9 - u. Let i(o) = -o + 5. What is i(c)?
5
Let f(z) = 11*z - 36. Let g(v) = 5*v - 18. Let k(i) = -4*f(i) + 9*g(i). Determine k(10).
-8
Let h(s) = 3*s + 3 - 4*s + 0 + 1. Calculate h(4).
0
Let y(z) be the third derivative of -7*z**5/60 + 5*z**4/12 - 3*z**3/2 - 3*z**2. Let d(c) = c**2 - c + 1. Let r(k) = 6*d(k) + y(k). Determine r(4).
-3
Let n be (-19)/(-3) - (-1)/(-3). Let j = n - 11. Let k(u) = -6 + 2 + 0*u**2 - 5*u + 5*u**2 - 6*u**2. What is k(j)?
-4
Let w be (3/(-5))/((-2)/10). Let c(x) = -w*x - 2 + 2*x - 2 + 3. Determine c(-3).
2
Suppose 8 = -5*l - 2*k, 3*k = 3*l - 17 + 5. Let m(c) be the third derivative of l*c + 1/6*c**3 - 3*c**2 - 11/24*c**4 + 0. Give m(1).
-10
Let a(h) = 11*h + 1. Let z(u) = -12*u - 1. Suppose 36 = -5*t - 3*c - 4, -2*c + 10 = -4*t. Let d(o) = t*z(o) - 6*a(o). Give d(1).
-7
Let r = 11 + -7. Suppose 9 = 2*v - 3*d - r, 3*v = -2*d + 13. Suppose 5*a - 5 = -v*m, 0*a - 2*m = -3*a - 7. Let n(u) = -3*u**2 - u. What is n(a)?
-2
Let t(y) = 13*y + 13. Let m(w) = -14*w - 20 + 10*w - 15*w. Let i(c) = 5*m(c) + 7*t(c). Let l(z) = -5*z - 10. Let q(x) = -6*i(x) + 5*l(x). Calculate q(0).
4
Let b(g) = g + 1. Let o be b(5). Suppose s - o = 4*s. Let u(w) = -w**3 - w**2 + 2*w - 1. Give u(s).
-1
Let v(g) = -g**2 + 4*g - 8*g**2 + g**3 + 5*g**2. Give v(3).
3
Let h = 2 + -2. Suppose 2*a + h*a = -6. Let w(q) = -q + 3*q**3 + 1 + 2*q**2 + 1 - 2*q**3. Calculate w(a).
-4
Let c(j) = -5 + 3 + 962*j**2 - 965*j**2. Determine c(-2).
-14
Suppose -2*c + 2*n - 10 = 0, 2*n - 11 = 3*c + 2. Let m(h) = 5*h**2 + 7*h + 4. Let r(s) = 14*s**2 + 20*s + 12. Let p(b) = 11*m(b) - 4*r(b). Give p(c).
-4
Let t(l) be the third derivative of 0*l + 1/2*l**3 - 3*l**2 + 5/24*l**4 + 0. Suppose 4*m - 6 = -14. Calculate t(m).
-7
Suppose -5*k + 5 = -3*i + 16, 4*i + k = 7. Let t(s) = -2*s**3 + 3*s**2 - 2*s - 1. Determine t(i).
-9
Let j(y) = y**2 + 5*y + 7. Let d be j(-5). Let x(k) = 0*k - 4*k - d + 3*k. Let t(a) = -a**2 + 3*a + 14. Let n be t(6). Give x(n).
-3
Let d = 22 + -17. Let k(l) = -l**2 + 8*l - 6. Determine k(d).
9
Let z be 5*-1*4/(-5). Let i(v) = v**2 - 3*v. Let p be i(z). Let y(w) = -33 - 5*w**2 - 25*w + 28 + 32*w + w**3. Determine y(p).
7
Let n(a) = -23 + 15 + a + 11. Give n(3).
6
Let o(k) = -7 - 1 - 7*k + 7 - k**2. What is o(-6)?
5
Let o(k) be the first derivative of -3*k**2/2 + 8. Give o(-2).
6
Let k be -80*5/6*3. Let d be (-4)/14 + k/35. Let h(w) = w**3 + 6*w**2 - 4. Calculate h(d).
-4
Let n(j) = j**3 - 8*j**2 + 6*j - 2. Let l = -177 - -184. Calculate n(l).
-9
Let z(k) = k**3 - 4*k**2 - 4*k + 2. Let j = 17 - 12. What is z(j)?
7
Suppose -4*s + 2*a = -12, -4*a = -5*s + 2*s - 1. Let b(z) = z + 1. Let j(v) = -2*v - 1. Let l be 2*(-1)/(-4)*-2. Let y(u) = l*j(u) - 3*b(u). Determine y(s).
-7
Let j(p) = -p - 8. Let o be -6 - 2*(-4)/(-8). Let q be j(o). Let g(i) = 3*i**2 + i + 0*i**2 - i**2. What is g(q)?
1
Let b = -5 + 0. Let h(a) be the second derivative of -a**5/20 - a**4/3 + a**3 + 2*a**2 + 10*a. Give h(b).
-1
Let v(l) be the second derivative of 0 - 1/6*l**3 + 1/12*l**4 - 4*l + l**2. Determine v(2).
4
Suppose 12 = y + 3*y. Let v = y - -1. Let z(l) = 2*l + 1 - v - l. Calculate z(-4).
-7
Let r(f) be the third derivative of f**4/24 - f**3 + f**2. Let a be 2*(-1 - 12/8). Calculate r(a).
-11
Let h(p) = p**3 + 10*p**2 + 2. Let m be h(-10). Let q(k) = -m*k + 1 - 8*k + 0*k. Calculate q(1).
-9
Let r(j) = j**2 - 4*j - 1. Let s be 2/(1 + 5)*0. Suppose -27 = -4*k - 5*u, 5*k - 3*u + s*u - 6 = 0. What is r(k)?
-4
Suppose 0 = -4*f + l - 9, 5 = 5*l - 0*l. Let j(g) = 5*g**2 + 3*g + 3. Calculate j(f).
17
Let i(a) be the first derivative of 3*a**2 + 2*a + 2. Calculate i(-2).
-10
Suppose t = 3*t - 2. Let u = t + 1. Suppose 0*n + u*n + 8 = 0. Let f(s) = -s**3 - 3*s**2 + 5*s + 2. Calculate f(n).
-2
Let o(g) = -g**2 - 1. Let r(m) = m**3 + 3*m**2 + m + 4. Let p(z) = -3*o(z) + r(z). What is p(-6)?
1
Suppose 0 = -5*g - 10 + 30. Let i = 8 - g. Suppose 5*y = y - 4, -f + i = -3*y. Let s(d) = -2*d**2 - 2*d + 1. What is s(f)?
-3
Let m(f) = 1 - 6*f - 3*f**2 + 10*f - 5*f**3 - 5. Let v(y) = 4*y